ded by (m + 1)/(6/24).
14
Suppose -3*s + 8 = s - 2*j, -s = 5*j - 24. Suppose 2*k + s = 0, 2*w + 2*w = -k + 82. Calculate the remainder when 61 is divided by w.
19
Let x(w) = w**2 - 5*w + 6. Let h be x(4). Suppose 32 = 6*r - h*r. Calculate the remainder when 15 is divided by r.
7
Suppose 8*h + 25 - 129 = 0. Calculate the remainder when 37 is divided by h.
11
Let a = -8 - -13. Suppose 0 = -3*w + m + 274, 2*m + 451 = 5*w - a. What is the remainder when w is divided by 31?
30
Let l be (56/(-21))/(1/24). Suppose 5*f = -h + 108, f + h + 3 = 27. Calculate the remainder when 3*(l/(-3) + -1) is divided by f.
19
Suppose 0 = -2*x - m + 77 + 22, -3*x = -2*m - 138. Let t = 104 - x. Calculate the remainder when t is divided by 19.
18
Suppose 4*o - 150 = -o. What is the remainder when 57 is divided by o?
27
Let v(o) = o + 14. Let x be v(-10). Suppose 0 = x*t + t - 40. Calculate the remainder when t is divided by 5.
3
Let p(k) = -5*k + 2. Let a(s) = 0*s + 2 - 4*s + 0*s. Let m(t) = 3*a(t) - 4*p(t). What is the remainder when m(6) is divided by 16?
14
Suppose -4 = -4*v, 0*p + 5*v = -5*p + 180. Suppose -8*u = -4*u - 20. Suppose 15 = -u*t + 75. What is the remainder when p is divided by t?
11
Let o(u) = -u**2 - 11*u + 7. Calculate the remainder when 145 is divided by o(-6).
34
Suppose 2*f = -3*f - 2*u + 196, 3*f + 5*u - 110 = 0. Calculate the remainder when f is divided by 14.
12
Suppose 0 = 2*z - 3*z - 4*o + 25, 3*o = -4*z + 113. Suppose -5*k + 19 = -31. What is the remainder when z is divided by k?
9
Let o = -12 - -20. Let m(q) = -q**3 + 8*q**2 - q + 10. Calculate the remainder when 3 is divided by m(o).
1
Let s(q) = -q**2 + 12*q - 7. What is the remainder when 4 is divided by s(11)?
0
Let z(b) = b**3 - 5*b**2 + 6*b - 6. Let l be z(4). Suppose 4*h = -5*m + 116, -l*h + 30 = -4*m - 28. What is the remainder when h is divided by 10?
9
Let h = -78 - -54. What is the remainder when 65 is divided by ((-11)/4)/(3/h)?
21
Let l(j) = 2*j - 6. Let i(h) = 3*h**3 - 2*h**2 + h - 1. Calculate the remainder when i(3) is divided by l(14).
21
Suppose -3*n + 0*n + 39 = 0. What is the remainder when 37 is divided by n?
11
Let c = 5 - 3. Suppose -4*f + 11 = -2*r + 3, -4*f + 8 = 4*r. What is the remainder when 15 is divided by (10 + c)*1/f?
3
What is the remainder when 3/(6/8)*(11 - 9) is divided by 5?
3
Suppose 66 = 2*i - 5*t, i + 0*t = 3*t + 35. Suppose 0 = -2*f + 31 + 1. Let j = -3 + f. What is the remainder when i is divided by j?
10
Let u = 2 + 2. Suppose 6 + u = 2*d. Calculate the remainder when 18 is divided by d.
3
Let g(c) = -c**3 - 8*c**2 - 4*c + 15. What is the remainder when 139 is divided by g(-8)?
45
Let j = 37 - 24. Calculate the remainder when 23 is divided by j.
10
Let i = -47 - -41. Let h be 1*2*(-38)/(-4). Let c = h - i. What is the remainder when 48 is divided by c?
23
Let v be (-8)/2*(-45)/(-18). Let g = v - -17. What is the remainder when 12 is divided by g?
5
Let y = -8 - -39. Suppose 0 = r + l - 8 - 10, l + 62 = 4*r. Calculate the remainder when y is divided by r.
15
Suppose 8*w = 10*w - 44. Suppose -3 = -z, z = -2*n - 4*z + 5. Let b = n - -17. What is the remainder when w is divided by b?
10
Suppose 7*j = j + 36. Calculate the remainder when 27 is divided by j.
3
Let q = -1 - -3. Let c(v) = -v + q*v - 2 + v. Calculate the remainder when 7 is divided by c(3).
3
Let b(h) = h**2 + 12*h - 20. Let o be b(-14). Suppose -p + 28 = 4*u, -3*u = -6*u - 4*p + o. Calculate the remainder when u is divided by 5.
3
Let b = -9 - -53. Suppose 5*d + 4*l - b = 0, d = -4*d + 4*l + 76. Calculate the remainder when 47 is divided by d.
11
Let s(t) = 17*t + 1. Let z be s(-1). What is the remainder when 34 is divided by 66/8 - 12/z?
7
Let x(n) = n**2 - 3*n - 5. Let d be x(5). Suppose 5*f = -r - 21, 3*f = d*r - 0*f + 21. What is the remainder when (41 - -1)*(-4)/r is divided by 15?
13
Suppose -11*b + 66 = -8*b. What is the remainder when 60 is divided by b?
16
Suppose 4*k - 128 = 2*k. Calculate the remainder when k is divided by 17.
13
Let d(t) = -t + 6. Let j(y) = -y**3 - y**2 + 12. What is the remainder when d(-15) is divided by j(0)?
9
Let v = -35 - -50. What is the remainder when 43 is divided by v?
13
Suppose -2*d - 3*d + 125 = 0. Let y = 112 + -65. What is the remainder when y is divided by d?
22
Let q = 14 + 7. Let h = -17 + q. Let d(x) = -x**3 + 2*x + 3. Calculate the remainder when d(-2) is divided by h.
3
Let s be 10/4 + (-11)/22. Suppose -m - 2*m = -d - 54, s*d = -4*m + 62. Calculate the remainder when m is divided by 7.
3
What is the remainder when -3*3/18*-26 is divided by 8?
5
What is the remainder when 62 is divided by 1 + -1 - 224/(-14)?
14
Suppose 3*u + 0 + 6 = 0. Let v be (1 - 3)*-2 - u. What is the remainder when 18 is divided by ((-20)/v)/(14/(-21))?
3
Let f be 3938/55 + 4/10. Suppose -4*x - 5*t + f = 0, -5*t - 19 = -3*x - 0*x. What is the remainder when 51 is divided by x?
12
Let o be ((-16)/(-6))/((-8)/(-12)). Calculate the remainder when o*(-2)/(-4)*8 is divided by 6.
4
Let l(i) = -2*i**3 - 3*i**2 + 3*i - 3. Let d be l(-4). Suppose -2*b - 1 - 3 = 0, -d = -3*a + 4*b. Calculate the remainder when a is divided by -1*(-3*2 - 1).
5
Suppose a - 10 = 5*c - 3*c, 0 = 5*a - 4*c - 32. Suppose -a*v + 142 = 10. Suppose -5*l = 4 + 1, 33 = 3*p + 3*l. What is the remainder when v is divided by p?
9
Suppose -12 = -5*l + 3*l. Let j = l - 5. What is the remainder when 3 is divided by j?
0
Let f = -20 + 39. What is the remainder when 37 is divided by f?
18
Suppose 0 = -5*o + 4*k + 113, -k - 49 = -4*o + 48. Calculate the remainder when 124 is divided by o.
24
Let y(u) = 14*u**2 - 1. Let l be y(2). Suppose -5*c = n + 11, -l = 5*n - 4*c + 2*c. Let a = -9 - n. Calculate the remainder when 4 is divided by a.
0
Let o(i) = -1. Let t(j) = j + 3. Let y(z) = 3*o(z) + t(z). Let g be y(2). Suppose -3*q + g = -7. What is the remainder when 4 is divided by q?
1
Suppose 0 = -m - m + 14. Suppose -4*q + 26 = 5*y, -q - 7*y + 2*y + 14 = 0. Suppose -q*i + 2*i = -6. Calculate the remainder when m is divided by i.
1
Suppose -7*m + 3*m = -8. Suppose -3*l - 19 = -m*f, 2*l - 4 + 10 = -2*f. What is the remainder when 18/8 + 3/(-12) is divided by f?
0
Suppose -157 + 471 = 2*c. Suppose 4*u + 7*x - 3*x - 160 = 0, -x = 4*u - c. Calculate the remainder when u is divided by 20.
19
Let k(l) = l**3 + 7*l**2 - 10*l. What is the remainder when k(-6) is divided by 11?
8
Suppose 3*k + 5 = -n, 3*n = -n - 4*k - 4. Let a = 24 + -15. What is the remainder when ((-147)/a + n)*-3 is divided by 16?
14
Suppose 11 = 2*u + 3*q, 15 = -4*q + 3. Let m = u + 4. What is the remainder when m is divided by 5?
4
Let k(p) = -6*p - 5. What is the remainder when k(-3) is divided by 5?
3
Suppose 0 = 4*a + 12, 0*v - 2*v - 4*a = -160. Suppose 0 = -4*s + v + 2. Let m(p) = p**3 + p**2 - p - 2. What is the remainder when s is divided by m(2)?
6
Suppose 4*f - 39 = 1. Let o(p) = p**3 - 3*p**2 + 6*p + 1. What is the remainder when o(3) is divided by f?
9
Suppose -4*r + 2*z = -3*r - 19, 4*r = -2*z + 106. Calculate the remainder when 49 is divided by r.
24
Let i = 0 + -2. Let z be (i - -1)/(2/(-22)). Let w = 1 + z. Calculate the remainder when w is divided by 7.
5
Let q(l) = -l**2 + 5*l + 8. Let t be q(6). Suppose -162 - t = -4*i. Suppose 14 = z - 0*z. Calculate the remainder when i is divided by z.
13
Let n be -2*1 - (-1 + -2). Let i(v) = 67*v. Let j be i(n). Suppose 3 + j = 5*x. Calculate the remainder when x is divided by 8.
6
Suppose 7*j + 50 = 8*j. Calculate the remainder when j is divided by 17.
16
Let j be (-2 - (1 + -3)) + 47. Suppose -s = -n + j, 4*n - 4*s = -n + 236. Calculate the remainder when n is divided by 25.
23
Let m = 5 + 23. Let p(c) = 8*c**2 - 1. Let j be p(-1). Let d = j - -8. Calculate the remainder when m is divided by d.
13
Suppose 4*q - 207 = o, 2*q - o + 58 = 3*q. Calculate the remainder when q is divided by 28.
25
Suppose 2*s - 3*n - 33 = 0, s - 14 = -3*n + 25. Suppose -5*g + s = -26. What is the remainder when 39 is divided by g?
9
Let j = -26 - -36. What is the remainder when 18 is divided by j?
8
Suppose 3*s - 7 = -4*i, 4 = 2*s - i + 3. Calculate the remainder when 2 is divided by s.
0
Let x be 3 + (-1 - 1) + 4. Suppose -x*f + 25 = -0*f. What is the remainder when f is divided by 2?
1
Let q(v) = -v**2 + 12*v - 15. C